 is the remainder when 26 is divided by f?
12
Let g = 4 - 3. What is the remainder when 2 is divided by g?
0
Let z = 8 + 27. What is the remainder when z is divided by 12?
11
Let h(x) = -26*x + 4. Calculate the remainder when h(-5) is divided by 27.
26
Suppose -w - 13 = -22. Calculate the remainder when 30 is divided by w.
3
Suppose -4*j = 5*q - 57, -2*j - 3*q = -6*q - 45. Calculate the remainder when 70 is divided by j.
16
Let x be (-1 + 5)/2 + -26. Let t = 34 + x. Suppose -5*r + t*r - 145 = 0. Calculate the remainder when r is divided by 10.
9
Suppose 0 = -m - 2*j + 9, m + 0*m = 2*j + 17. Calculate the remainder when 109/3 + 6/9 is divided by m.
11
Suppose -2*r = -3*q + 24, 0*q = -q + 4*r + 8. Let d be (-5 + 1)*6/q. What is the remainder when ((-20)/6)/(d/27) is divided by 16?
14
Suppose 0 = -0*w - 2*w + 4*c + 4, -4*w + 4*c + 8 = 0. Calculate the remainder when 3 is divided by w.
1
Suppose 12 = t + 3*r, 2*t - 5*t = 2*r - 15. Suppose -t*b + 0*b = -15. What is the remainder when 18 is divided by b?
3
Let f(z) = z**3 + z + 4. Suppose -2*v + 10 = -v. Calculate the remainder when v is divided by f(0).
2
Let s(v) = 10*v**3 - 4*v**2 - v. Let q be s(3). Suppose -21 + q = 3*o. Calculate the remainder when o is divided by 24.
22
Suppose -4*d + 8 + 12 = 0. Suppose 2*m - 41 = -5*v + 19, d*m = -4*v + 48. What is the remainder when 35 is divided by v?
11
Suppose 0*i = -4*i + 60. Suppose 5*d = -k + 3 + 77, -k = -3*d + 56. What is the remainder when d is divided by (24/(-30))/((-2)/i)?
5
Suppose 4*k - 23 = -5*d, k - 15 = -k + d. Calculate the remainder when k is divided by 2.
1
Let t = 219 - 149. Suppose 186 = 10*u + 6. Calculate the remainder when t is divided by u.
16
Let r be 1/(-4) - (-5109)/52. Let z = r - 41. Calculate the remainder when z is divided by 12.
9
Suppose -3*p = -0*p. Suppose p = -t + 5*t - 5*y + 189, y + 3 = 0. What is the remainder when t*(-2 - (-10)/6) is divided by 6?
5
Suppose 9 = 2*l + l. What is the remainder when (6/(-9) - -1)*l is divided by 1?
0
Let o = 0 - -22. Calculate the remainder when o is divided by 8.
6
Let v = -102 - -105. Let l(c) = 12*c + 9. Let t(s) = 4*s + 3. Let r(n) = 6*l(n) - 17*t(n). Calculate the remainder when 42 is divided by r(v).
12
Let k = 17 + 6. Let t = k + -12. Calculate the remainder when 19 is divided by t.
8
Let s = 13 - -18. What is the remainder when 90 is divided by s?
28
Let n = 44 + -19. Let q(y) = -y + 4. Let j be q(9). Let k = j - -14. What is the remainder when n is divided by k?
7
Let z(h) = h**3 - h**2 + 2*h - 2. Calculate the remainder when 27 is divided by z(2).
3
Suppose 5*n - 10 = -5. Calculate the remainder when 15/10*(n + 13) is divided by 6.
3
Suppose 8*x - 12*x = -88. What is the remainder when x is divided by 6?
4
Suppose -2*u + 210 + 156 = 0. Suppose 0 = -v - 2*v + u. Calculate the remainder when v is divided by (-1)/(-2)*(-32)/(-1).
13
Let t(q) = 4*q + 87. Calculate the remainder when 94 is divided by t(-17).
18
Suppose 0 = p + 4*p + 150. Let j = p - -11. Let m = j + 32. Calculate the remainder when 38 is divided by m.
12
Suppose 2 = 2*r, 0*z - 41 = -2*z - 5*r. Calculate the remainder when z is divided by 11.
7
Suppose 0 = -4*w + 5*w - 3. Suppose -5*y + 112 = 2*k, y + 3*y = -w*k + 154. Calculate the remainder when k is divided by 16.
14
Let j = -42 - -64. Calculate the remainder when 39 is divided by j.
17
Suppose 0*v - 3*p + 54 = 2*v, 2*p - 116 = -4*v. What is the remainder when 117 is divided by v?
27
Suppose 0 = 3*g - 7*g + 8. Suppose 4*a = -g*i + 32, -i = 2*a + 2*a - 28. Let w(m) = 10*m**2 - 2*m - 1. Calculate the remainder when w(-1) is divided by a.
5
Let g be 2/(-3)*-3*2. Suppose -107 - 101 = -g*t. What is the remainder when t is divided by 18?
16
Let g(q) = -q**3 - 15*q**2 - q - 1. Calculate the remainder when 55 is divided by g(-15).
13
Suppose -5*v - 5 = -20. Suppose -h + 12 = 4*s, -v*h = -2*h + s - 24. What is the remainder when 53 is divided by h?
25
Let p = -109 + 126. What is the remainder when 201 is divided by p?
14
Let p be 25/9 + (-4)/(-18). Suppose p*y + 15 = 3*s, s - 9 = 4*s + 3*y. What is the remainder when (27 - -2*1)/s is divided by 10?
9
Let t(v) = v**2 - 5. Let b = 7 - -16. Suppose -3*j = 4*l - 33, 4*j - 67 = -4*l - b. Calculate the remainder when t(5) is divided by j.
9
Suppose -19*c - 322 = -21*c. What is the remainder when c is divided by 33?
29
Let a(v) = v**2 - 6*v + 3. Suppose -3*l = 3*q - 117, -77 = -3*l + 2*q + 35. Calculate the remainder when l is divided by a(7).
8
Let n(r) = r**2 + r + 18. Let x = -17 - -70. Calculate the remainder when x is divided by n(0).
17
Suppose 4*u - 26 = v + v, 4*v = 4*u - 16. What is the remainder when 69 is divided by u?
6
Suppose -2*f - 2*f = -8. Suppose 20 = f*x + 3*p + p, -3*x - 3*p + 18 = 0. Suppose 0 = 2*a - 98 - x. Calculate the remainder when a is divided by 17.
16
Suppose 2*c = -2*p + 32, 4*c - 39 = 2*p + 13. Calculate the remainder when -6*(1 + 11/(-2)) is divided by c.
13
Let g = -3 + 4. Suppose 0 = -4*u + 3*o + 142, 7*u - 3*u - 4*o = 144. Calculate the remainder when u is divided by 1/1 - (-11)/g.
10
Suppose -k + 54 = 8*k. Calculate the remainder when 76 is divided by k.
4
Suppose -4*a = 5*n - 6 - 40, -5*n = a - 34. Suppose 3*o + 0*o = n. Let i = 21 - 19. Calculate the remainder when o is divided by i.
0
Let b(n) = n**2 - 7. What is the remainder when b(5) is divided by 10?
8
Suppose 29*j + 60 = 31*j. What is the remainder when 177 is divided by j?
27
Suppose 3 = -5*j - 2*g + 27, -j - 2 = -3*g. Let u be (1 + 1)/(-1) - j. Calculate the remainder when 8 is divided by (u/9)/((-2)/9).
2
Suppose -4*r - 33 = -301. Let i(x) = x**3 + 8*x**2 + 3*x - 5. Suppose 4*k + 0*k + 28 = 0. Calculate the remainder when r is divided by i(k).
21
Suppose 0 = w + 4*w + 4*z - 1173, 3*z = 3*w - 693. Suppose 5*v - w = 147. Suppose -7 + v = 3*p. Calculate the remainder when p is divided by 8.
7
Let x be (-10)/4*(-68)/10. Suppose -q + 0*q = -x. Suppose 0 = -4*z - 0*z + 24. Calculate the remainder when q is divided by z.
5
Let d(n) = 6*n - 4. Let b be d(3). Suppose -4*y - b = -58. What is the remainder when -10*(-1*3 - -1) is divided by y?
9
Let q(j) = 2*j**2 - 8*j + 4. Let h = 8 + -6. Let u be 13/2 + h/(-4). Calculate the remainder when q(u) is divided by 10.
8
Suppose -122 = -m - 5*w + 13, m - 3*w = 135. Suppose -4*g = g - m. What is the remainder when g is divided by 10?
7
Let p be (-1)/(6/(-4) + 2). Let h(g) = -g. Let x(n) = 4*n**2 - 10*n. Let d(k) = -10*h(k) + x(k). Calculate the remainder when 61 is divided by d(p).
13
Suppose -316 = -2*n + n. Suppose c - 68 = -4*h, -c + 6*c = 4*h + n. Suppose -5*q = -20, -3*m - 5*q = 5 - c. Calculate the remainder when 24 is divided by m.
11
Let z = 43 + -19. Suppose -4 = 5*b - z. Calculate the remainder when 14 is divided by b.
2
Suppose 3*n = -3*h + h + 91, 9 = 3*n. Suppose 15*f = -83 + 308. What is the remainder when h is divided by f?
11
Let j(x) = x + 1. Let f(l) = -l - 3. Let c be f(-4). Let k(a) = -14*a + 1. Let z(u) = c*k(u) - 2*j(u). What is the remainder when 44 is divided by z(-1)?
14
Let b(i) = -2*i**3 - 2*i**2 + 2*i - 1. Suppose -3 = j - 0. Calculate the remainder when b(j) is divided by 82/8 - (-3)/(-12).
9
Let c = 13 - 7. What is the remainder when (-36)/16*(4 - 2)*-2 is divided by c?
3
Let f(l) = -l**2 - 8*l + 11. Let q(c) be the first derivative of -c**3/3 + 11*c**2/2 - 7*c - 2. What is the remainder when q(10) is divided by f(-9)?
1
Let g(y) = -3*y + 2. Let j be g(-4). Suppose s - 19 = j. Calculate the remainder when s is divided by 17.
16
Let k(u) = 10*u - 19. Calculate the remainder when k(6) is divided by 11.
8
Let f = -8 - -18. What is the remainder when 76 is divided by f?
6
Let m be (-1)/(-2) - (-26)/4. Let l = -5 + m. Calculate the remainder when 4 is divided by l.
0
Suppose 0 = -4*f + 3*p + 45, f = 3*f + 2*p - 40. Calculate the remainder when f is divided by (6/(-5))/((-2)/15).
6
Let d be -3*3/(-9) + 3. Suppose -u + 3*p - d*p + 45 = 0, 5*p = -2*u + 87. Calculate the remainder when u is divided by 16.
14
Suppose 2*f + 3 = 1. Let k = 9 + f. Suppose o + 0*o = k. Calculate the remainder when 13 is divided by o.
5
Suppose u + 0*u + 21 = 3*d, -4*d - 2*u = -28. What is the remainder when (-1)/4 - (-202)/8 is divided by d?
4
Let f(o) = -12*o - 8. Let q(d) = -4*d**2 + 5*d - 